{"id":109,"date":"2020-05-15T11:24:01","date_gmt":"2020-05-15T09:24:01","guid":{"rendered":"https:\/\/bodensee-promotions.ch\/torqeedo\/produkt\/import-placeholder-for-5611\/"},"modified":"2024-07-15T16:20:38","modified_gmt":"2024-07-15T14:20:38","slug":"cruise-3-0-t-s-l","status":"publish","type":"product","link":"https:\/\/bodensee-promotions.ch\/torqeedo\/produkt\/cruise-3-0-t-s-l\/","title":{"rendered":"Cruise 3.0 T S\/L"},"content":{"rendered":"<p>Der neue Cruise 3.0 T ist ein Antriebssystem 6-PS-\u00c4quivalent f\u00fcr Segelboote mit einer L\u00e4nge von bis zu 9 Metern oder Verdr\u00e4nger von bis zu 3 Tonnen. Dieses ultraleichte Elektro-Antriebssystem kann mit 24 Volt betrieben werden (nicht im Lieferumfang enthalten). Es wird idealerweise mit einem oder mehreren Power 24-3500 Lithium-Ionen-Akkus kombiniert.<\/p>\n<p>Cruise-Motoren sind die Elektro-Au\u00dfenbordmotoren der Wahl f\u00fcr Motorboote, Beiboote und kommerzielle Fahrzeuge.<\/p>\n<p>Alle Cruise-Systeme verf\u00fcgen \u00fcber ein integriertes GPS mit Bordcomputer und Display, auf dem Geschwindigkeit und Eingangsleistung, Ladestand und Restreichweite angezeigt werden. Der Pylon ist dank seines fortschrittlichen Stirnradgetriebes kompakt, widerstandsarm und leicht.<\/p>\n<p>Auch in ferngesteuerten und feststehenden Pod-Modellen erh\u00e4ltlich.<\/p>\n<p>Die Argumente f\u00fcr den Cruise 3.0 T:<\/p>\n<p>Hocheffizienter E-Au\u00dfenborder mit einer Eingangsleistung von 3.000 Watt, was einem 6-PS-Benzin-Au\u00dfenborder entspricht<br \/>\nAnschluss von bis zu zwei Power 24-3500, die f\u00fcr maximale Leistung und eine genaue Reichweiten-\/Laufzeit-Anzeige sorgen<br \/>\nDer Cruise 3.0 wird empfohlen f\u00fcr Beiboote und Segelboote bis zu 3 Tonnen<br \/>\nDas T-Modell ist mit einem Pinnen-Bedienelement mit integriertem Display und Not-Aus-Magnetchip ausgestattet (im Lieferumfang enthalten)<br \/>\nRobuster Pylon mit integrierter Finne \u2013 zus\u00e4tzlicher Schutz beim Auflaufen<br \/>\nHochwertiges seewasserbest\u00e4ndiges harteloxiertes Aluminium, das selbst unter rauesten Bedingungen eine lange Lebensdauer gew\u00e4hrleistet<br \/>\nUmfassender galvanischer Korrosionsschutz dank sorgf\u00e4ltig aufeinander abgestimmter Materialien und hochakkurater Isolierung von Materialien mit unterschiedlichen elektrochemischen Eigenschaften &#8211; wird mit einem Anodenset f\u00fcr S\u00fc\u00df- und Salzwasser geliefert<br \/>\nAuch mit Batterien von Drittanbietern (24 Volt) kompatibel \u2013 es ist jedoch eine sorgf\u00e4ltige Anpassung an die Leistungsanforderungen des Motors erforderlich<\/p>\n","protected":false},"excerpt":{"rendered":"<p>Artikelnummer: 1264-00 | EAN: 4260113696750<\/p>\n<p>Lieferumfang: Au\u00dfenborder mit Pinnensteuerung, integriertem Bordcomputer mit GPS-basierter Reichweiten-Berechnung, Kabelsatz (S: 4,4m L: 4,3m, 35 mm\u00b2) inklusive Hauptschalter und Propeller B 12 x 10,5 WDR, Not-Aus Magnetchip<br \/>\nGarantie: 2 Jahre bei privater Nutzung<\/p>\n<p><a href=\"https:\/\/www.torqeedo.com\/de\/produkte\/aussenborder\/cruise\/cruise-3.0-t\/M-1264-00.html\" target=\"_blank\" rel=\"noopener noreferrer\">Weitere Informationen und Produktedetails auf der Torqeedo Webseite<\/a><\/p>\n","protected":false},"featured_media":242312,"template":"","meta":{"_et_pb_use_builder":"off","_et_pb_old_content":"Der neue Cruise 3.0 T ist ein Antriebssystem 6-PS-\u00c4quivalent f\u00fcr Segelboote mit einer L\u00e4nge von bis zu 9 Metern oder Verdr\u00e4nger von bis zu 3 Tonnen. Dieses ultraleichte Elektro-Antriebssystem kann mit 24 Volt betrieben werden (nicht im Lieferumfang enthalten). Es wird idealerweise mit einem oder mehreren Power 24-3500 Lithium-Ionen-Akkus kombiniert.\r\n\r\nCruise-Motoren sind die Elektro-Au\u00dfenbordmotoren der Wahl f\u00fcr Motorboote, Beiboote und kommerzielle Fahrzeuge.\r\n\r\nAlle Cruise-Systeme verf\u00fcgen \u00fcber ein integriertes GPS mit Bordcomputer und Display, auf dem Geschwindigkeit und Eingangsleistung, Ladestand und Restreichweite angezeigt werden. Der Pylon ist dank seines fortschrittlichen Stirnradgetriebes kompakt, widerstandsarm und leicht.\r\n\r\nAuch in ferngesteuerten und feststehenden Pod-Modellen erh\u00e4ltlich.\r\n\r\nDie Argumente f\u00fcr den Cruise 3.0 T:\r\n\r\nHocheffizienter E-Au\u00dfenborder mit einer Eingangsleistung von 3.000 Watt, was einem 6-PS-Benzin-Au\u00dfenborder entspricht\r\nAnschluss von bis zu zwei Power 24-3500, die f\u00fcr maximale Leistung und eine genaue Reichweiten-\/Laufzeit-Anzeige sorgen\r\nDer Cruise 3.0 wird empfohlen f\u00fcr Beiboote und Segelboote bis zu 3 Tonnen\r\nDas T-Modell ist mit einem Pinnen-Bedienelement mit integriertem Display und Not-Aus-Magnetchip ausgestattet (im Lieferumfang enthalten)\r\nRobuster Pylon mit integrierter Finne \u2013 zus\u00e4tzlicher Schutz beim Auflaufen\r\nHochwertiges seewasserbest\u00e4ndiges harteloxiertes Aluminium, das selbst unter rauesten Bedingungen eine lange Lebensdauer gew\u00e4hrleistet\r\nUmfassender galvanischer Korrosionsschutz dank sorgf\u00e4ltig aufeinander abgestimmter Materialien und hochakkurater Isolierung von Materialien mit unterschiedlichen elektrochemischen Eigenschaften - wird mit einem Anodenset f\u00fcr S\u00fc\u00df- und Salzwasser geliefert\r\nAuch mit Batterien von Drittanbietern (24 Volt) kompatibel \u2013 es ist jedoch eine sorgf\u00e4ltige Anpassung an die Leistungsanforderungen des Motors erforderlich","_et_gb_content_width":""},"product_brand":[],"product_cat":[17,20,16],"product_tag":[],"class_list":{"0":"post-109","1":"product","2":"type-product","3":"status-publish","4":"has-post-thumbnail","6":"product_cat-aussenborder","7":"product_cat-cruise","8":"product_cat-torqeedo-elektromotoren","10":"first","11":"instock","12":"taxable","13":"shipping-taxable","14":"purchasable","15":"product-type-variable","16":"has-default-attributes"},"yoast_head":"<!-- This site is optimized with the Yoast SEO plugin v25.5 - https:\/\/yoast.com\/wordpress\/plugins\/seo\/ -->\n<title>Cruise 3.0 T S\/L - Torqeedo Elektromotoren<\/title>\n<meta name=\"robots\" content=\"index, follow, max-snippet:-1, max-image-preview:large, max-video-preview:-1\" \/>\n<link rel=\"canonical\" href=\"https:\/\/bodensee-promotions.ch\/torqeedo\/produkt\/cruise-3-0-t-s-l\/\" \/>\n<meta property=\"og:locale\" content=\"de_DE\" \/>\n<meta property=\"og:type\" content=\"article\" \/>\n<meta property=\"og:title\" content=\"Cruise 3.0 T S\/L - Torqeedo Elektromotoren\" \/>\n<meta property=\"og:description\" content=\"Artikelnummer: 1264-00 | EAN: 4260113696750  Lieferumfang: Au\u00dfenborder mit Pinnensteuerung, integriertem Bordcomputer mit GPS-basierter Reichweiten-Berechnung, Kabelsatz (S: 4,4m L: 4,3m, 35 mm\u00b2) inklusive Hauptschalter und Propeller B 12 x 10,5 WDR, Not-Aus Magnetchip Garantie: 2 Jahre bei privater Nutzung  Weitere Informationen und Produktedetails auf der Torqeedo Webseite\" \/>\n<meta property=\"og:url\" content=\"https:\/\/bodensee-promotions.ch\/torqeedo\/produkt\/cruise-3-0-t-s-l\/\" \/>\n<meta property=\"og:site_name\" content=\"Torqeedo Elektromotoren\" \/>\n<meta property=\"article:modified_time\" content=\"2024-07-15T14:20:38+00:00\" \/>\n<meta property=\"og:image\" content=\"https:\/\/bodensee-promotions.ch\/torqeedo\/wp-content\/uploads\/sites\/3\/2020\/05\/1264-00-torqeedo-cruise-3t-1200x1200-2.jpg\" \/>\n\t<meta property=\"og:image:width\" content=\"1200\" \/>\n\t<meta property=\"og:image:height\" content=\"1200\" \/>\n\t<meta property=\"og:image:type\" content=\"image\/jpeg\" \/>\n<meta name=\"twitter:card\" content=\"summary_large_image\" \/>\n<meta name=\"twitter:label1\" content=\"Gesch\u00e4tzte Lesezeit\" \/>\n\t<meta name=\"twitter:data1\" content=\"2\u00a0Minuten\" \/>\n<script type=\"application\/ld+json\" class=\"yoast-schema-graph\">{\"@context\":\"https:\/\/schema.org\",\"@graph\":[{\"@type\":\"WebPage\",\"@id\":\"https:\/\/bodensee-promotions.ch\/torqeedo\/produkt\/cruise-3-0-t-s-l\/\",\"url\":\"https:\/\/bodensee-promotions.ch\/torqeedo\/produkt\/cruise-3-0-t-s-l\/\",\"name\":\"Cruise 3.0 T S\/L - Torqeedo Elektromotoren\",\"isPartOf\":{\"@id\":\"https:\/\/bodensee-promotions.ch\/torqeedo\/#website\"},\"primaryImageOfPage\":{\"@id\":\"https:\/\/bodensee-promotions.ch\/torqeedo\/produkt\/cruise-3-0-t-s-l\/#primaryimage\"},\"image\":{\"@id\":\"https:\/\/bodensee-promotions.ch\/torqeedo\/produkt\/cruise-3-0-t-s-l\/#primaryimage\"},\"thumbnailUrl\":\"https:\/\/bodensee-promotions.ch\/torqeedo\/wp-content\/uploads\/sites\/3\/2020\/05\/1264-00-torqeedo-cruise-3t-1200x1200-2.jpg\",\"datePublished\":\"2020-05-15T09:24:01+00:00\",\"dateModified\":\"2024-07-15T14:20:38+00:00\",\"breadcrumb\":{\"@id\":\"https:\/\/bodensee-promotions.ch\/torqeedo\/produkt\/cruise-3-0-t-s-l\/#breadcrumb\"},\"inLanguage\":\"de\",\"potentialAction\":[{\"@type\":\"ReadAction\",\"target\":[\"https:\/\/bodensee-promotions.ch\/torqeedo\/produkt\/cruise-3-0-t-s-l\/\"]}]},{\"@type\":\"ImageObject\",\"inLanguage\":\"de\",\"@id\":\"https:\/\/bodensee-promotions.ch\/torqeedo\/produkt\/cruise-3-0-t-s-l\/#primaryimage\",\"url\":\"https:\/\/bodensee-promotions.ch\/torqeedo\/wp-content\/uploads\/sites\/3\/2020\/05\/1264-00-torqeedo-cruise-3t-1200x1200-2.jpg\",\"contentUrl\":\"https:\/\/bodensee-promotions.ch\/torqeedo\/wp-content\/uploads\/sites\/3\/2020\/05\/1264-00-torqeedo-cruise-3t-1200x1200-2.jpg\",\"width\":1200,\"height\":1200},{\"@type\":\"BreadcrumbList\",\"@id\":\"https:\/\/bodensee-promotions.ch\/torqeedo\/produkt\/cruise-3-0-t-s-l\/#breadcrumb\",\"itemListElement\":[{\"@type\":\"ListItem\",\"position\":1,\"name\":\"Startseite\",\"item\":\"https:\/\/bodensee-promotions.ch\/torqeedo\/\"},{\"@type\":\"ListItem\",\"position\":2,\"name\":\"Shop\",\"item\":\"https:\/\/bodensee-promotions.ch\/torqeedo\/\"},{\"@type\":\"ListItem\",\"position\":3,\"name\":\"Cruise 3.0 T S\/L\"}]},{\"@type\":\"WebSite\",\"@id\":\"https:\/\/bodensee-promotions.ch\/torqeedo\/#website\",\"url\":\"https:\/\/bodensee-promotions.ch\/torqeedo\/\",\"name\":\"Torqeedo Elektromotoren\",\"description\":\"Eine weitere Bodensee Promotions Websites Website\",\"potentialAction\":[{\"@type\":\"SearchAction\",\"target\":{\"@type\":\"EntryPoint\",\"urlTemplate\":\"https:\/\/bodensee-promotions.ch\/torqeedo\/?s={search_term_string}\"},\"query-input\":{\"@type\":\"PropertyValueSpecification\",\"valueRequired\":true,\"valueName\":\"search_term_string\"}}],\"inLanguage\":\"de\"}]}<\/script>\n<!-- \/ Yoast SEO plugin. -->","yoast_head_json":{"title":"Cruise 3.0 T S\/L - Torqeedo Elektromotoren","robots":{"index":"index","follow":"follow","max-snippet":"max-snippet:-1","max-image-preview":"max-image-preview:large","max-video-preview":"max-video-preview:-1"},"canonical":"https:\/\/bodensee-promotions.ch\/torqeedo\/produkt\/cruise-3-0-t-s-l\/","og_locale":"de_DE","og_type":"article","og_title":"Cruise 3.0 T S\/L - Torqeedo Elektromotoren","og_description":"Artikelnummer: 1264-00 | EAN: 4260113696750  Lieferumfang: Au\u00dfenborder mit Pinnensteuerung, integriertem Bordcomputer mit GPS-basierter Reichweiten-Berechnung, Kabelsatz (S: 4,4m L: 4,3m, 35 mm\u00b2) inklusive Hauptschalter und Propeller B 12 x 10,5 WDR, Not-Aus Magnetchip Garantie: 2 Jahre bei privater Nutzung  Weitere Informationen und Produktedetails auf der Torqeedo Webseite","og_url":"https:\/\/bodensee-promotions.ch\/torqeedo\/produkt\/cruise-3-0-t-s-l\/","og_site_name":"Torqeedo Elektromotoren","article_modified_time":"2024-07-15T14:20:38+00:00","og_image":[{"width":1200,"height":1200,"url":"https:\/\/bodensee-promotions.ch\/torqeedo\/wp-content\/uploads\/sites\/3\/2020\/05\/1264-00-torqeedo-cruise-3t-1200x1200-2.jpg","type":"image\/jpeg"}],"twitter_card":"summary_large_image","twitter_misc":{"Gesch\u00e4tzte Lesezeit":"2\u00a0Minuten"},"schema":{"@context":"https:\/\/schema.org","@graph":[{"@type":"WebPage","@id":"https:\/\/bodensee-promotions.ch\/torqeedo\/produkt\/cruise-3-0-t-s-l\/","url":"https:\/\/bodensee-promotions.ch\/torqeedo\/produkt\/cruise-3-0-t-s-l\/","name":"Cruise 3.0 T S\/L - Torqeedo Elektromotoren","isPartOf":{"@id":"https:\/\/bodensee-promotions.ch\/torqeedo\/#website"},"primaryImageOfPage":{"@id":"https:\/\/bodensee-promotions.ch\/torqeedo\/produkt\/cruise-3-0-t-s-l\/#primaryimage"},"image":{"@id":"https:\/\/bodensee-promotions.ch\/torqeedo\/produkt\/cruise-3-0-t-s-l\/#primaryimage"},"thumbnailUrl":"https:\/\/bodensee-promotions.ch\/torqeedo\/wp-content\/uploads\/sites\/3\/2020\/05\/1264-00-torqeedo-cruise-3t-1200x1200-2.jpg","datePublished":"2020-05-15T09:24:01+00:00","dateModified":"2024-07-15T14:20:38+00:00","breadcrumb":{"@id":"https:\/\/bodensee-promotions.ch\/torqeedo\/produkt\/cruise-3-0-t-s-l\/#breadcrumb"},"inLanguage":"de","potentialAction":[{"@type":"ReadAction","target":["https:\/\/bodensee-promotions.ch\/torqeedo\/produkt\/cruise-3-0-t-s-l\/"]}]},{"@type":"ImageObject","inLanguage":"de","@id":"https:\/\/bodensee-promotions.ch\/torqeedo\/produkt\/cruise-3-0-t-s-l\/#primaryimage","url":"https:\/\/bodensee-promotions.ch\/torqeedo\/wp-content\/uploads\/sites\/3\/2020\/05\/1264-00-torqeedo-cruise-3t-1200x1200-2.jpg","contentUrl":"https:\/\/bodensee-promotions.ch\/torqeedo\/wp-content\/uploads\/sites\/3\/2020\/05\/1264-00-torqeedo-cruise-3t-1200x1200-2.jpg","width":1200,"height":1200},{"@type":"BreadcrumbList","@id":"https:\/\/bodensee-promotions.ch\/torqeedo\/produkt\/cruise-3-0-t-s-l\/#breadcrumb","itemListElement":[{"@type":"ListItem","position":1,"name":"Startseite","item":"https:\/\/bodensee-promotions.ch\/torqeedo\/"},{"@type":"ListItem","position":2,"name":"Shop","item":"https:\/\/bodensee-promotions.ch\/torqeedo\/"},{"@type":"ListItem","position":3,"name":"Cruise 3.0 T S\/L"}]},{"@type":"WebSite","@id":"https:\/\/bodensee-promotions.ch\/torqeedo\/#website","url":"https:\/\/bodensee-promotions.ch\/torqeedo\/","name":"Torqeedo Elektromotoren","description":"Eine weitere Bodensee Promotions Websites Website","potentialAction":[{"@type":"SearchAction","target":{"@type":"EntryPoint","urlTemplate":"https:\/\/bodensee-promotions.ch\/torqeedo\/?s={search_term_string}"},"query-input":{"@type":"PropertyValueSpecification","valueRequired":true,"valueName":"search_term_string"}}],"inLanguage":"de"}]}},"_links":{"self":[{"href":"https:\/\/bodensee-promotions.ch\/torqeedo\/wp-json\/wp\/v2\/product\/109","targetHints":{"allow":["GET"]}}],"collection":[{"href":"https:\/\/bodensee-promotions.ch\/torqeedo\/wp-json\/wp\/v2\/product"}],"about":[{"href":"https:\/\/bodensee-promotions.ch\/torqeedo\/wp-json\/wp\/v2\/types\/product"}],"wp:featuredmedia":[{"embeddable":true,"href":"https:\/\/bodensee-promotions.ch\/torqeedo\/wp-json\/wp\/v2\/media\/242312"}],"wp:attachment":[{"href":"https:\/\/bodensee-promotions.ch\/torqeedo\/wp-json\/wp\/v2\/media?parent=109"}],"wp:term":[{"taxonomy":"product_brand","embeddable":true,"href":"https:\/\/bodensee-promotions.ch\/torqeedo\/wp-json\/wp\/v2\/product_brand?post=109"},{"taxonomy":"product_cat","embeddable":true,"href":"https:\/\/bodensee-promotions.ch\/torqeedo\/wp-json\/wp\/v2\/product_cat?post=109"},{"taxonomy":"product_tag","embeddable":true,"href":"https:\/\/bodensee-promotions.ch\/torqeedo\/wp-json\/wp\/v2\/product_tag?post=109"}],"curies":[{"name":"wp","href":"https:\/\/api.w.org\/{rel}","templated":true}]}}