{"id":105,"date":"2020-05-15T11:24:00","date_gmt":"2020-05-15T09:24:00","guid":{"rendered":"https:\/\/bodensee-promotions.ch\/torqeedo\/produkt\/import-placeholder-for-5597\/"},"modified":"2024-07-15T16:00:40","modified_gmt":"2024-07-15T14:00:40","slug":"ultralight-403-ac-915-wh","status":"publish","type":"product","link":"https:\/\/bodensee-promotions.ch\/torqeedo\/produkt\/ultralight-403-ac-915-wh\/","title":{"rendered":"Ultralight 403 AC (915 Wh )"},"content":{"rendered":"<p>Geringes Gewicht von nur 11 kg, inklusive Akku<br \/>\n1 PS \u00c4quivalent<br \/>\nmit zugeh\u00f6riger 915 Wh Batterie<br \/>\nHervorragende Benutzerfreundlichkeit mit einer F\u00fclle von intelligenten Funktionen<br \/>\nNeue Halterung mit Kipp- und Parkmechanismus inklusive einfacher Integration der Steuereinheit ins Kajaks.<br \/>\nEinfache Montage an Angelkajaks<br \/>\nReichweite von 100 km<br \/>\nvollst\u00e4ndig wasserdicht gem\u00e4\u00df IP67Torqeedos leichtester Au\u00dfenborder, der Ultralight 403 AC, bringt Sie schneller an Ihren Lieblingsplatz und l\u00e4sst Sie l\u00e4nger dort bleiben. Er bietet zuverl\u00e4ssige Leistung, eine innovative neue Anglerhalterung und alle Hightech- Features eines echten Torqeedo-Systems: GPS-integrierte Echtzeit-Reichweiten- und Laufzeitanzeige, Solarladung und neueste Lithium-Batterietechnologie.<\/p>\n<p>Der extrem leichte Ultralight 403 AC passt auf jedes g\u00e4ngige Kajak oder Kanu und f\u00fcr spezielle Anforderungen gibt es Sondermodelle.<\/p>\n<p>Ultralight 403 AC &#8211; Das spricht daf\u00fcr:<br \/>\nGesamtgewicht 11 kg inklusive Batterie<br \/>\nReichweite bei niedriger Geschwindigkeit bis zu 100 km (bootsabh\u00e4ngig)<br \/>\nSchnelle und komfortable Montage<br \/>\nvollst\u00e4ndig wasserdicht (IP67)<br \/>\ngenaue GPS-basierte Berechnung der verbleibenden Reichweite<br \/>\nsolar ladef\u00e4hig \u2013 auch w\u00e4hrend der Fahrt<\/p>\n","protected":false},"excerpt":{"rendered":"<p>EAN: 4260113695531<br \/>\nLieferumfang: Ultralight 403 AC mit Batterie, Ladeger\u00e4t, Ferngashebel, Bordcomputer, GPS-basierter Reichweiten-Berechnung und Not-Aus Magnet-Chip<br \/>\nGarantie: 2 Jahre bei privater Nutzung (12 oder 24 Monate Garantie-Verl\u00e4ngerung verf\u00fcgbar)<\/p>\n<p><a href=\"https:\/\/www.torqeedo.com\/de\/produkte\/aussenborder\/ultralight\/ultralight-403-ac\/1407-00.html\" target=\"_blank\" rel=\"noopener noreferrer\">Weitere Informationen und Produktedetails auf der Torqeedo Webseite<\/a><\/p>\n","protected":false},"featured_media":242187,"template":"","meta":{"_et_pb_use_builder":"off","_et_pb_old_content":"Ultralight 403 C mit integriertem Akku (915 Wh \/ 29,6 V \/ 31 Ah)\r\n\r\n[table id=2 \/]\r\n\r\n* Abh\u00e4ngig von Bootstyp, Beladung, Propeller und Umweltbedingungen, Angaben zu Geschwindigkeiten und Reichweiten ohne Gew\u00e4hr\r\n\r\n<a href=\"https:\/\/www.torqeedo.com\/de\/produkte\/aussenborder\/ultralight\/ultralight-403-c\/1406-00.html\" rel=\"noopener\" target=\"_blank\">Weitere Informationen und Produktedetails auf der Torqeedo Webseite<\/a>","_et_gb_content_width":""},"product_brand":[],"product_cat":[17,16,18],"product_tag":[],"class_list":{"0":"post-105","1":"product","2":"type-product","3":"status-publish","4":"has-post-thumbnail","6":"product_cat-aussenborder","7":"product_cat-torqeedo-elektromotoren","8":"product_cat-ultralight","10":"first","11":"instock","12":"taxable","13":"shipping-taxable","14":"purchasable","15":"product-type-simple"},"yoast_head":"<!-- This site is optimized with the Yoast SEO plugin v25.5 - https:\/\/yoast.com\/wordpress\/plugins\/seo\/ -->\n<title>Ultralight 403 AC (915 Wh ) - Torqeedo Elektromotoren<\/title>\n<meta name=\"robots\" content=\"index, follow, max-snippet:-1, max-image-preview:large, max-video-preview:-1\" \/>\n<link rel=\"canonical\" href=\"https:\/\/bodensee-promotions.ch\/torqeedo\/produkt\/ultralight-403-ac-915-wh\/\" \/>\n<meta property=\"og:locale\" content=\"de_DE\" \/>\n<meta property=\"og:type\" content=\"article\" \/>\n<meta property=\"og:title\" content=\"Ultralight 403 AC (915 Wh ) - Torqeedo Elektromotoren\" \/>\n<meta property=\"og:description\" content=\"EAN: 4260113695531 Lieferumfang: Ultralight 403 AC mit Batterie, Ladeger\u00e4t, Ferngashebel, Bordcomputer, GPS-basierter Reichweiten-Berechnung und Not-Aus Magnet-Chip Garantie: 2 Jahre bei privater Nutzung (12 oder 24 Monate Garantie-Verl\u00e4ngerung verf\u00fcgbar)  Weitere Informationen und Produktedetails auf der Torqeedo Webseite\" \/>\n<meta property=\"og:url\" content=\"https:\/\/bodensee-promotions.ch\/torqeedo\/produkt\/ultralight-403-ac-915-wh\/\" \/>\n<meta property=\"og:site_name\" content=\"Torqeedo Elektromotoren\" \/>\n<meta property=\"article:modified_time\" content=\"2024-07-15T14:00:40+00:00\" \/>\n<meta property=\"og:image\" content=\"https:\/\/bodensee-promotions.ch\/torqeedo\/wp-content\/uploads\/sites\/3\/2020\/05\/1407-00-torqeedo-ultralight-403-ac-915-wh-0.jpg\" \/>\n\t<meta property=\"og:image:width\" content=\"1200\" \/>\n\t<meta property=\"og:image:height\" content=\"1200\" \/>\n\t<meta property=\"og:image:type\" content=\"image\/jpeg\" \/>\n<meta name=\"twitter:card\" content=\"summary_large_image\" \/>\n<meta name=\"twitter:label1\" content=\"Gesch\u00e4tzte Lesezeit\" \/>\n\t<meta name=\"twitter:data1\" content=\"2\u00a0Minuten\" \/>\n<script type=\"application\/ld+json\" class=\"yoast-schema-graph\">{\"@context\":\"https:\/\/schema.org\",\"@graph\":[{\"@type\":\"WebPage\",\"@id\":\"https:\/\/bodensee-promotions.ch\/torqeedo\/produkt\/ultralight-403-ac-915-wh\/\",\"url\":\"https:\/\/bodensee-promotions.ch\/torqeedo\/produkt\/ultralight-403-ac-915-wh\/\",\"name\":\"Ultralight 403 AC (915 Wh ) - Torqeedo Elektromotoren\",\"isPartOf\":{\"@id\":\"https:\/\/bodensee-promotions.ch\/torqeedo\/#website\"},\"primaryImageOfPage\":{\"@id\":\"https:\/\/bodensee-promotions.ch\/torqeedo\/produkt\/ultralight-403-ac-915-wh\/#primaryimage\"},\"image\":{\"@id\":\"https:\/\/bodensee-promotions.ch\/torqeedo\/produkt\/ultralight-403-ac-915-wh\/#primaryimage\"},\"thumbnailUrl\":\"https:\/\/bodensee-promotions.ch\/torqeedo\/wp-content\/uploads\/sites\/3\/2020\/05\/1407-00-torqeedo-ultralight-403-ac-915-wh-0.jpg\",\"datePublished\":\"2020-05-15T09:24:00+00:00\",\"dateModified\":\"2024-07-15T14:00:40+00:00\",\"breadcrumb\":{\"@id\":\"https:\/\/bodensee-promotions.ch\/torqeedo\/produkt\/ultralight-403-ac-915-wh\/#breadcrumb\"},\"inLanguage\":\"de\",\"potentialAction\":[{\"@type\":\"ReadAction\",\"target\":[\"https:\/\/bodensee-promotions.ch\/torqeedo\/produkt\/ultralight-403-ac-915-wh\/\"]}]},{\"@type\":\"ImageObject\",\"inLanguage\":\"de\",\"@id\":\"https:\/\/bodensee-promotions.ch\/torqeedo\/produkt\/ultralight-403-ac-915-wh\/#primaryimage\",\"url\":\"https:\/\/bodensee-promotions.ch\/torqeedo\/wp-content\/uploads\/sites\/3\/2020\/05\/1407-00-torqeedo-ultralight-403-ac-915-wh-0.jpg\",\"contentUrl\":\"https:\/\/bodensee-promotions.ch\/torqeedo\/wp-content\/uploads\/sites\/3\/2020\/05\/1407-00-torqeedo-ultralight-403-ac-915-wh-0.jpg\",\"width\":1200,\"height\":1200},{\"@type\":\"BreadcrumbList\",\"@id\":\"https:\/\/bodensee-promotions.ch\/torqeedo\/produkt\/ultralight-403-ac-915-wh\/#breadcrumb\",\"itemListElement\":[{\"@type\":\"ListItem\",\"position\":1,\"name\":\"Startseite\",\"item\":\"https:\/\/bodensee-promotions.ch\/torqeedo\/\"},{\"@type\":\"ListItem\",\"position\":2,\"name\":\"Shop\",\"item\":\"https:\/\/bodensee-promotions.ch\/torqeedo\/\"},{\"@type\":\"ListItem\",\"position\":3,\"name\":\"Ultralight 403 AC (915 Wh )\"}]},{\"@type\":\"WebSite\",\"@id\":\"https:\/\/bodensee-promotions.ch\/torqeedo\/#website\",\"url\":\"https:\/\/bodensee-promotions.ch\/torqeedo\/\",\"name\":\"Torqeedo Elektromotoren\",\"description\":\"Eine weitere Bodensee Promotions Websites Website\",\"potentialAction\":[{\"@type\":\"SearchAction\",\"target\":{\"@type\":\"EntryPoint\",\"urlTemplate\":\"https:\/\/bodensee-promotions.ch\/torqeedo\/?s={search_term_string}\"},\"query-input\":{\"@type\":\"PropertyValueSpecification\",\"valueRequired\":true,\"valueName\":\"search_term_string\"}}],\"inLanguage\":\"de\"}]}<\/script>\n<!-- \/ Yoast SEO plugin. -->","yoast_head_json":{"title":"Ultralight 403 AC (915 Wh ) - Torqeedo Elektromotoren","robots":{"index":"index","follow":"follow","max-snippet":"max-snippet:-1","max-image-preview":"max-image-preview:large","max-video-preview":"max-video-preview:-1"},"canonical":"https:\/\/bodensee-promotions.ch\/torqeedo\/produkt\/ultralight-403-ac-915-wh\/","og_locale":"de_DE","og_type":"article","og_title":"Ultralight 403 AC (915 Wh ) - Torqeedo Elektromotoren","og_description":"EAN: 4260113695531 Lieferumfang: Ultralight 403 AC mit Batterie, Ladeger\u00e4t, Ferngashebel, Bordcomputer, GPS-basierter Reichweiten-Berechnung und Not-Aus Magnet-Chip Garantie: 2 Jahre bei privater Nutzung (12 oder 24 Monate Garantie-Verl\u00e4ngerung verf\u00fcgbar)  Weitere Informationen und Produktedetails auf der Torqeedo Webseite","og_url":"https:\/\/bodensee-promotions.ch\/torqeedo\/produkt\/ultralight-403-ac-915-wh\/","og_site_name":"Torqeedo Elektromotoren","article_modified_time":"2024-07-15T14:00:40+00:00","og_image":[{"width":1200,"height":1200,"url":"https:\/\/bodensee-promotions.ch\/torqeedo\/wp-content\/uploads\/sites\/3\/2020\/05\/1407-00-torqeedo-ultralight-403-ac-915-wh-0.jpg","type":"image\/jpeg"}],"twitter_card":"summary_large_image","twitter_misc":{"Gesch\u00e4tzte Lesezeit":"2\u00a0Minuten"},"schema":{"@context":"https:\/\/schema.org","@graph":[{"@type":"WebPage","@id":"https:\/\/bodensee-promotions.ch\/torqeedo\/produkt\/ultralight-403-ac-915-wh\/","url":"https:\/\/bodensee-promotions.ch\/torqeedo\/produkt\/ultralight-403-ac-915-wh\/","name":"Ultralight 403 AC (915 Wh ) - Torqeedo Elektromotoren","isPartOf":{"@id":"https:\/\/bodensee-promotions.ch\/torqeedo\/#website"},"primaryImageOfPage":{"@id":"https:\/\/bodensee-promotions.ch\/torqeedo\/produkt\/ultralight-403-ac-915-wh\/#primaryimage"},"image":{"@id":"https:\/\/bodensee-promotions.ch\/torqeedo\/produkt\/ultralight-403-ac-915-wh\/#primaryimage"},"thumbnailUrl":"https:\/\/bodensee-promotions.ch\/torqeedo\/wp-content\/uploads\/sites\/3\/2020\/05\/1407-00-torqeedo-ultralight-403-ac-915-wh-0.jpg","datePublished":"2020-05-15T09:24:00+00:00","dateModified":"2024-07-15T14:00:40+00:00","breadcrumb":{"@id":"https:\/\/bodensee-promotions.ch\/torqeedo\/produkt\/ultralight-403-ac-915-wh\/#breadcrumb"},"inLanguage":"de","potentialAction":[{"@type":"ReadAction","target":["https:\/\/bodensee-promotions.ch\/torqeedo\/produkt\/ultralight-403-ac-915-wh\/"]}]},{"@type":"ImageObject","inLanguage":"de","@id":"https:\/\/bodensee-promotions.ch\/torqeedo\/produkt\/ultralight-403-ac-915-wh\/#primaryimage","url":"https:\/\/bodensee-promotions.ch\/torqeedo\/wp-content\/uploads\/sites\/3\/2020\/05\/1407-00-torqeedo-ultralight-403-ac-915-wh-0.jpg","contentUrl":"https:\/\/bodensee-promotions.ch\/torqeedo\/wp-content\/uploads\/sites\/3\/2020\/05\/1407-00-torqeedo-ultralight-403-ac-915-wh-0.jpg","width":1200,"height":1200},{"@type":"BreadcrumbList","@id":"https:\/\/bodensee-promotions.ch\/torqeedo\/produkt\/ultralight-403-ac-915-wh\/#breadcrumb","itemListElement":[{"@type":"ListItem","position":1,"name":"Startseite","item":"https:\/\/bodensee-promotions.ch\/torqeedo\/"},{"@type":"ListItem","position":2,"name":"Shop","item":"https:\/\/bodensee-promotions.ch\/torqeedo\/"},{"@type":"ListItem","position":3,"name":"Ultralight 403 AC (915 Wh )"}]},{"@type":"WebSite","@id":"https:\/\/bodensee-promotions.ch\/torqeedo\/#website","url":"https:\/\/bodensee-promotions.ch\/torqeedo\/","name":"Torqeedo Elektromotoren","description":"Eine weitere Bodensee Promotions Websites Website","potentialAction":[{"@type":"SearchAction","target":{"@type":"EntryPoint","urlTemplate":"https:\/\/bodensee-promotions.ch\/torqeedo\/?s={search_term_string}"},"query-input":{"@type":"PropertyValueSpecification","valueRequired":true,"valueName":"search_term_string"}}],"inLanguage":"de"}]}},"_links":{"self":[{"href":"https:\/\/bodensee-promotions.ch\/torqeedo\/wp-json\/wp\/v2\/product\/105","targetHints":{"allow":["GET"]}}],"collection":[{"href":"https:\/\/bodensee-promotions.ch\/torqeedo\/wp-json\/wp\/v2\/product"}],"about":[{"href":"https:\/\/bodensee-promotions.ch\/torqeedo\/wp-json\/wp\/v2\/types\/product"}],"wp:featuredmedia":[{"embeddable":true,"href":"https:\/\/bodensee-promotions.ch\/torqeedo\/wp-json\/wp\/v2\/media\/242187"}],"wp:attachment":[{"href":"https:\/\/bodensee-promotions.ch\/torqeedo\/wp-json\/wp\/v2\/media?parent=105"}],"wp:term":[{"taxonomy":"product_brand","embeddable":true,"href":"https:\/\/bodensee-promotions.ch\/torqeedo\/wp-json\/wp\/v2\/product_brand?post=105"},{"taxonomy":"product_cat","embeddable":true,"href":"https:\/\/bodensee-promotions.ch\/torqeedo\/wp-json\/wp\/v2\/product_cat?post=105"},{"taxonomy":"product_tag","embeddable":true,"href":"https:\/\/bodensee-promotions.ch\/torqeedo\/wp-json\/wp\/v2\/product_tag?post=105"}],"curies":[{"name":"wp","href":"https:\/\/api.w.org\/{rel}","templated":true}]}}